{"id":58,"date":"2017-01-03T20:25:50","date_gmt":"2017-01-03T19:25:50","guid":{"rendered":"http:\/\/xn--hausarztpraxis-am-mhlenfliess-3bd.de\/?page_id=58"},"modified":"2021-07-14T20:03:57","modified_gmt":"2021-07-14T19:03:57","slug":"notfall","status":"publish","type":"page","link":"https:\/\/xn--hausarztpraxis-am-mhlenfliess-3bd.de\/?page_id=58","title":{"rendered":"Notfall"},"content":{"rendered":"<p>Au\u00dferhalb der angegebenen Sprechzeiten bietet Ihnen f\u00fcr Notf\u00e4lle die Bereitschaftspraxis der kassen\u00e4rztlichen Vereinigung in der Immanuel Klinik in R\u00fcdersdorf folgende Sprechzeiten:<\/p>\n<p style=\"text-align: center;\">Mo, Di und Do\u00a0 &#8211;\u00a0 19\u00a0 bis 21 Uhr<\/p>\n<p style=\"text-align: center;\">Mi und Frei\u00a0 &#8211;\u00a0 14 bis 21 Uhr<\/p>\n<p style=\"text-align: center;\">Sa, So und Feiertage\u00a0 \u00a0&#8211;\u00a0 \u00a09 bis 19 Uhr<\/p>\n<p style=\"text-align: center;\"><strong>Tel: 033638 83\u2010663<\/strong><\/p>\n<p>Weitere Informationen dazu finden Sie unter: <a href=\"http:\/\/ruedersdorf.immanuel.de\/abteilungen\/kv-regiomed-bereitschaftsdienst\/home\/\">http:\/\/ruedersdorf.immanuel.de\/abteilungen\/kv-regiomed-bereitschaftsdienst\/home\/<\/a><\/p>\n<p>Den <strong>Bereitschaftsdienst der KV<\/strong> erreichen Sie an Wochenenden und Feiertagen ganztags sowie t\u00e4glich von 19 bis 7 Uhr unter der <strong>Telefonnummer 116 117<\/strong>.<\/p>\n<p>Die <strong>Rettungsstelle<\/strong> erreichen Sie unter dem bekannten <strong>Notruf 112<\/strong>.<\/p>\n","protected":false},"excerpt":{"rendered":"<p>Au\u00dferhalb der angegebenen Sprechzeiten bietet Ihnen f\u00fcr Notf\u00e4lle die Bereitschaftspraxis der kassen\u00e4rztlichen Vereinigung in der Immanuel Klinik in R\u00fcdersdorf folgende Sprechzeiten: Mo, Di und Do\u00a0 &#8211;\u00a0 19\u00a0 bis 21 Uhr&#8230; <a href=\"https:\/\/xn--hausarztpraxis-am-mhlenfliess-3bd.de\/?page_id=58\">Read more &raquo;<\/a><\/p>\n","protected":false},"author":1,"featured_media":0,"parent":0,"menu_order":8,"comment_status":"closed","ping_status":"closed","template":"","meta":{"footnotes":""},"class_list":["post-58","page","type-page","status-publish","hentry"],"_links":{"self":[{"href":"https:\/\/xn--hausarztpraxis-am-mhlenfliess-3bd.de\/index.php?rest_route=\/wp\/v2\/pages\/58","targetHints":{"allow":["GET"]}}],"collection":[{"href":"https:\/\/xn--hausarztpraxis-am-mhlenfliess-3bd.de\/index.php?rest_route=\/wp\/v2\/pages"}],"about":[{"href":"https:\/\/xn--hausarztpraxis-am-mhlenfliess-3bd.de\/index.php?rest_route=\/wp\/v2\/types\/page"}],"author":[{"embeddable":true,"href":"https:\/\/xn--hausarztpraxis-am-mhlenfliess-3bd.de\/index.php?rest_route=\/wp\/v2\/users\/1"}],"replies":[{"embeddable":true,"href":"https:\/\/xn--hausarztpraxis-am-mhlenfliess-3bd.de\/index.php?rest_route=%2Fwp%2Fv2%2Fcomments&post=58"}],"version-history":[{"count":4,"href":"https:\/\/xn--hausarztpraxis-am-mhlenfliess-3bd.de\/index.php?rest_route=\/wp\/v2\/pages\/58\/revisions"}],"predecessor-version":[{"id":450,"href":"https:\/\/xn--hausarztpraxis-am-mhlenfliess-3bd.de\/index.php?rest_route=\/wp\/v2\/pages\/58\/revisions\/450"}],"wp:attachment":[{"href":"https:\/\/xn--hausarztpraxis-am-mhlenfliess-3bd.de\/index.php?rest_route=%2Fwp%2Fv2%2Fmedia&parent=58"}],"curies":[{"name":"wp","href":"https:\/\/api.w.org\/{rel}","templated":true}]}}